pose -w*i - 16 = -3*i. What is the remainder when (4/14)/((-4756)/812) + 5340/205 is divided by i?
10
Let d be (8 - 9) + (3 - 0). Suppose -3*k + 99 = -3*p, d*k - 5*p - 77 = -5. Let t = k + -1. What is the remainder when 118 is divided by t?
28
Suppose 3*a - 5*a + 18 = 0. Suppose 4*v - a = 75. Let n(f) = -2*f + 6. Calculate the remainder when v is divided by n(-4).
7
Let s(z) = -9*z - 14. Suppose 392*c + 860 = 435*c. Calculate the remainder when s(-4) is divided by c.
2
Let b be (23/5)/(16/160). Suppose -5*u + 62 = 4*h - 0*u, 3*u + b = 4*h. What is the remainder when 21 is divided by h?
8
Suppose 12*m + 3237 = 28*m + 693. Calculate the remainder when 2084 is divided by m.
17
Suppose -5*s - n = -0*n - 128, -6 = -2*n. Suppose 4*q - 2*m - 892 = 0, -669 = -3*q + 10*m - 7*m. Calculate the remainder when q is divided by s.
23
Let q(y) = y**2 + 12*y + 24. Suppose -24 = 108*h - 109*h. Calculate the remainder when q(-16) is divided by h.
16
Suppose 0 = 5*d + 3*g + 56 + 66, 0 = 5*d - 3*g + 98. What is the remainder when (-2961)/(-11) - (-4)/d is divided by 54?
53
Let x = 274 + -271. Suppose 0 = -2*o + j + 18, 6 = o + 2*j - x. Calculate the remainder when o is divided by 5.
4
Suppose 114*g - 30*g - 6300 = 0. What is the remainder when 88 is divided by g?
13
Let v(i) = 3*i**2 - 3*i + 9. Let h(z) = -14 + 26 - 4*z + 96. Calculate the remainder when v(6) is divided by h(22).
19
Suppose 145 = -10*s + 535. Suppose -4*m + s = -21. What is the remainder when 629 is divided by m?
14
What is the remainder when ((-12)/(-15))/((-2)/(-355)) is divided by 40/15 - 500/(-60)?
10
Let k(d) = 18*d**3 + 575*d**2 - 39*d + 32. Calculate the remainder when 4863 is divided by k(-32).
255
Calculate the remainder when 68214/15 - 17 - (2 + (-48)/20) is divided by 18.
13
Let g = -76 + -38. Let n be g*(3/(-12))/(12/16). Let o = 49 - n. What is the remainder when o is divided by 4?
3
Let n be (-68)/(-2) - (-1 - (1 + 2)). Let c = -13 + n. Calculate the remainder when 79 is divided by (-85)/c - -3 - (-164)/10.
15
Suppose 4*x = 5*z + x - 16, z - 3*x + 4 = 0. Suppose -z*a + a = -108. Suppose -j = -86 + a. Calculate the remainder when j is divided by 30.
29
What is the remainder when 328 is divided by -19*38/4693 - (-2)/26*158?
4
Suppose 16*a + w + 223 = 20*a, -3*a + 156 = 3*w. Let t = a + -38. Calculate the remainder when t is divided by 9.
8
Suppose -141*p + 124*p = -102. Calculate the remainder when ((-150)/12)/((-1)/2) is divided by p.
1
Suppose 4*k = -12, -4*a - 4*k = k - 785. Suppose 1001 = a*i - 193*i. Let x(q) = 7*q + 1. Calculate the remainder when i is divided by x(5).
35
Suppose -24*i + 1657 = 1. Suppose 31*r - 22*r = 3051. What is the remainder when r is divided by i?
63
Suppose 133*j - 416*j = -2830. What is the remainder when 5607 is divided by j?
7
What is the remainder when 1124 is divided by (5/(-2) - 1) + 36166/428?
71
Let s(f) = 3 + 17*f + f**2 + 0*f**2 + 3. Let m be s(-17). Suppose 4*x + 3*l = -m + 61, -63 = -3*x + 5*l. What is the remainder when 78 is divided by x?
14
Suppose t - 154 = -0*o - o, 0 = -4*t + 3*o + 644. Suppose 2*r + t - 192 = 0. What is the remainder when 63 is divided by r?
12
Suppose 46*y - 43*y - 613 = h, -2*y + 410 = -h. Suppose -5*r = -4*v - y, 31*r - 29*r = v + 83. What is the remainder when 128 is divided by r?
42
Let a be (2 - 6)*(-299)/52. Suppose 537 = a*r - 866. What is the remainder when r is divided by 34?
27
What is the remainder when 1398 is divided by 3/(-2)*(-13)/(-3)*(-61 - -49)?
72
Suppose -2*u + 3*j = -218, -242*u + 214 = -240*u - 5*j. What is the remainder when u is divided by 103?
9
What is the remainder when 2217 is divided by ((-19)/2*26)/(20/(-20))?
241
Let o = 70 - 68. Suppose -2*r + 59 = w, 4*r = o*w - 0*r - 78. What is the remainder when 340 is divided by w?
46
Suppose -45*z + 56*z = 0. Suppose z = -2*q - 2*v + 6, -5*q + 4*v = -27 - 6. Calculate the remainder when 23 is divided by q.
3
Let q = 251 - 237. Suppose q*j - 34*j + 320 = 0. What is the remainder when 50 is divided by j?
2
What is the remainder when 127 + -1 - 2/(5/10*-4) is divided by 47?
33
Suppose 4*w - 4*b - 104 = 0, 3*b + 228 = 5*w + 116. Let x = 140 - 100. Calculate the remainder when x is divided by w.
6
Let a be ((-27)/6 + 0)*42/9. What is the remainder when 72 is divided by a + 20 + 2 + 36?
35
Suppose 4766 + 5769 = 206*v + 441. Calculate the remainder when 695 is divided by v.
9
Let f = 42155 - 42105. Let g(h) = h - 9. Let d be g(5). Calculate the remainder when 1179/6 + (-2)/d is divided by f.
47
Suppose -3*c = -3, -10*c - 977 = -5*x + 3*c. Calculate the remainder when x is divided by (-2)/2 + -1 - -22.
18
What is the remainder when (-5 - 240/(-36)) + (-1807)/(-3) is divided by 3?
1
Suppose -5*f = 4*i - 341, 3*f + 24 = -3*i + 228. Calculate the remainder when 96 is divided by f.
27
Suppose 19*k = 2983 + 2033. Suppose -7*v - k = -544. Calculate the remainder when v is divided by 38.
2
Suppose -5*a = 4*f - 2*f - 172, -4*a + 170 = 2*f. Let u = -12 + 11. Calculate the remainder when f is divided by 44 + (-2 - (u - -1)).
39
Let q(x) = -58*x + 85. Calculate the remainder when 3183 is divided by q(1).
24
Suppose 140*a = -5570 + 37630. Calculate the remainder when a is divided by 49.
33
Calculate the remainder when 12559 is divided by 11*(-12 + 912/66).
19
Suppose 17 = z - 3*d, 2*z + 2 = -2*d + 4. Let h(x) = 2*x**2 - 10*x + 10. What is the remainder when 27 is divided by h(z)?
7
Suppose -2253537 = 334*z - 555*z. Calculate the remainder when z is divided by 15.
12
Let i(t) be the second derivative of t**4/12 + 5*t**3/6 - 17*t**2/2 - 63*t. What is the remainder when 48 is divided by i(3)?
6
Suppose 0*k + 5*k = 250. Let u be 9/15*(-40)/(-8). Suppose 203 = u*a + k. Calculate the remainder when a is divided by 18.
15
Let s(u) = -5*u**2 - 284*u + 125. What is the remainder when 465 is divided by s(-57)?
57
Let f = 5703 + -5669. Calculate the remainder when 2853 is divided by f.
31
Let y = -336 + 343. Suppose y = 5*k - 2*n - 78, -2*k + 3*n = -23. What is the remainder when 51 is divided by k?
13
Let u(s) = -4*s**3 + 2*s**2 + 3. Let o be u(2). What is the remainder when 8976/14 + o/147 is divided by 23?
20
What is the remainder when 1/(-5) - (75789/(-45) + 9 - 9) is divided by 7?
4
Let g(j) = 1970*j**2 + 53*j - 55. What is the remainder when g(1) is divided by 3?
0
Let d = 2534 - 2115. What is the remainder when d is divided by 29?
13
Suppose 1389 = 3*r + 3*o, 0 = -3*r + 4*o - 2*o + 1364. Let x = r - 407. Calculate the remainder when x is divided by 2 + -1 + (-12)/(-1).
12
Let p = 3459 + -3263. What is the remainder when p is divided by 4?
0
Let w(l) = 225*l - 416. What is the remainder when 134 is divided by w(2)?
32
Suppose 581 = 2*q + 5*q. Suppose -8*i + 181 = -q. What is the remainder when 195 is divided by i?
30
Suppose -718 = -222*o + 146 + 24. What is the remainder when 2820 is divided by o?
0
Let z = -28237 + 41436. Calculate the remainder when z is divided by 44.
43
Let r be (-6)/21 + (-25)/35 - 2. Calculate the remainder when (-12)/(-9) + ((-8015)/r)/7 is divided by 55.
53
Let z be 340 - (2 - -3)/(-5). Let h = z + -306. What is the remainder when h is divided by (2 - -24)/(3 - 1)?
9
Suppose 1182 = 14*u - 2192. Let m = u + -231. What is the remainder when 33 is divided by m?
3
Let t = -8444 + 8488. What is the remainder when t is divided by 21?
2
Suppose -2*c = -3*a - 86, -90 - 68 = -4*c - a. Calculate the remainder when (-2)/(-5) + (-210)/75*-142 is divided by c.
38
Let v(d) = -131*d + 12. Let t be v(-1). Let j = -125 + t. Calculate the remainder when j is divided by 5.
3
Let u(o) = -3*o + 19. Let p be u(8). Let i be -2*p/(-10)*-23. Let v = i - -18. What is the remainder when 120 is divided by v?
38
Let f = 77 + 21. Suppose 9*z = f + 46. Suppose -z*u = -14*u - 6. What is the remainder when 9 is divided by u?
0
Suppose -32*g - 7974 = -14*g. Let p = g - -517. What is the remainder when p is divided by 25?
24
Suppose 38*l - 37*l + 4*d - 270 = 0, 5*d = 2*l - 514. Calculate the remainder when 273 is divided by l.
11
Suppose -262 = -2*m + 20. Calculate the remainder when m is divided by 111/(-185) + (2 - (-346)/10).
33
Let i(o) = o**2 + 27. Suppose 1841 = 4*j + 261. Suppose 3*f + j = 5*z, f = -z - 2*f + 61. What is the remainder when z is divided by i(0)?
22
What i